late i(r).
5
Suppose 27 = r + 64. Let i be r/(-13) - (-2)/13. Let j(h) = 4 - 3 + 1 - i + h**2. What is j(1)?
0
Let w(z) = 3*z**2 - 2. Let c(y) = 4*y**2 + 6*y - 1. Let l(j) = -c(j) + w(j). Determine l(-4).
7
Let m(b) = -5*b. Suppose -16 = -7*g + 2*g - 2*i, -i = 2. Calculate m(g).
-20
Let d(p) = -p. Let j(c) = -5*c - 4. Let h(i) = -6*d(i) + j(i). Let u be 12/(-8)*(-8)/3. Calculate h(u).
0
Suppose 3*a + 16 = 5*r, 8*a - 9*a - 3*r = -18. Let g(q) = 2*q**2 - 2*q + 1. What is g(a)?
13
Suppose -4*s - 20 = 0, 7*r - 2*r = 2*s. Let a = -8 - r. Let d(w) be the third derivative of -w**5/60 - 5*w**4/24 + w**3/2 - w**2 + 112*w. Give d(a).
-3
Let g = 322 - 326. Let k(w) = -1. Let p(z) be the second derivative of z**3/6 + z**2 - z. Let m(a) = g*k(a) + p(a). What is m(-6)?
0
Let p(d) = -d + 8*d - 3 - d**2 - 2*d + 1. Let f = 11 - 9. What is p(f)?
4
Let s(y) = 11*y - 5*y**2 + 6*y**2 - 14*y - 7. Give s(6).
11
Let t be 3/12 - 126/(-8). Let s = -10 + t. Let o(f) be the third derivative of f**6/120 - f**5/12 - f**4/4 + 3*f**3/2 + 5*f**2 - 5. Give o(s).
9
Suppose -c - 2*h + 2 = 6, -5*h = 10. Suppose 0 = n - c*n. Suppose -2*m - m - 2*r - 10 = n, -2*m - 2*r = 10. Let f(u) = u**3 - u + 5. Give f(m).
5
Let r be (5/3)/(5/15). Let w(g) be the first derivative of -33 - 3/2*g**2 - 4*g. Calculate w(r).
-19
Let g(z) be the first derivative of -z**5/6 - z**3/6 - z**2/2 - 2. Let v(a) be the second derivative of g(a). Let d be (2/(-10))/1 + (-6)/(-5). Calculate v(d).
-11
Let k(g) = -5*g + 14*g**2 + 7*g + 5*g - 3*g + 2 + 0*g. What is k(-2)?
50
Let n be (4/10)/(30/900). Let j(a) = -a**2 + 12*a + 4. What is j(n)?
4
Let i(z) be the first derivative of -z**7/140 + z**5/120 + z**4/24 - 10*z**3/3 + 11. Let c(p) be the third derivative of i(p). Give c(-1).
6
Let q(v) = -v**3 - v**2. Let x be q(-2). Let u(j) = -x + 3*j + 0*j - 6*j. Let b(w) = 2*w**3 - 16*w**2 - 16*w - 21. Let p be b(9). Determine u(p).
5
Let p(z) = -z**3 + 8*z**2 - 7*z. Suppose 3*b - 22 = -4*a, 4*b = 5*a + 7*b - 29. Give p(a).
0
Let z(s) = 4 + 18*s - 19*s + 3. Let c be z(6). Let a(o) be the third derivative of o**4/24 - o**3/6 - 21*o**2. What is a(c)?
0
Let f(b) = 8 - 1301*b**2 - 7 + 1304*b**2 + b. Give f(-4).
45
Let r be (-2)/4*-6 - 0/(-2). Let b be r + 14/2 + -4. Let p(x) = 2*x - 5. Give p(b).
7
Let m(c) = c**2 - 8*c - 8. Let d be 15/9*108/30. Suppose 20 = -d*i + 74. Determine m(i).
1
Suppose 4*x + 5*t - 153 = -55, 4*t + 8 = 0. Suppose s - 28 = 4*o, -7 = 5*o - s + x. Let g(f) = f + 7. What is g(o)?
1
Let t(j) = -2*j**3 - 5*j**2 - j + 2. Let k(w) = w**2 - 2*w - 3. Suppose -3*a + 10 = -8*a. Let v be k(a). Let z be ((-7)/v - -2)*-5. Calculate t(z).
14
Suppose -5*r = -4*o + 2*o + 3, 3*o - 2 = 5*r. Suppose 10 = 7*p + 24. Let l be -3 + p/r - -3. Let f(z) = 3*z. Give f(l).
6
Suppose 4*s = 3*f - 49, -4*f - 28 + 0 = 4*s. Let i(w) = w**3 + 10*w**2 + 3*w + 25. What is i(s)?
-5
Let t(c) = -c + 1. Let g(j) = -j**3 - 5*j**2 - 7*j - 2. Let r(x) = -g(x) + 2*t(x). Suppose -2*l - 3 = -2*i + 11, 0 = l - 2*i + 10. Give r(l).
0
Let h(y) = -7 + 0*y**3 + 16 - 4 + 2*y**2 - 7 + y**3. Determine h(-3).
-11
Let l be (-3 - (-54)/30)/(2/20). Let q(r) = 2*r + 11. Calculate q(l).
-13
Let h(l) = -l**3 + 5*l**2 + 2*l. Let y be h(5). Let i(g) be the second derivative of g**4/12 - 3*g**3/2 - 11*g**2/2 - 597*g. What is i(y)?
-1
Let r(n) = -6*n + 2*n**2 - 4*n**2 + n**2 - 5. Let f = 779 + -783. What is r(f)?
3
Let x(j) = -4*j - 1. Let u(p) = -15*p - 4. Let s(t) = u(t) - 2*x(t). Give s(-3).
19
Suppose 0 = -5*o - f - 26, 2*o - 4*f + 24 = -f. Let l(u) = -u + u**3 + u**3 - 1 - 3*u**3 - 6*u**2. Let k be l(o). Let z(y) = -y**3 + 4*y**2 + 4*y. Give z(k).
-5
Let p(i) = -4*i**2 + 7*i + 5. Let v(u) = 5*u**2 - 6*u - 4. Let g(z) = 6*p(z) + 5*v(z). Determine g(-10).
-10
Let s be 42/7 - 12 - -12. Let y(t) = -t**3 + 7*t**2 - t - 1. Calculate y(s).
29
Let b(t) be the third derivative of -t**4/24 - t**3/2 - 8*t**2. Let g(f) = -2. Let s(z) = -2*b(z) + 3*g(z). Give s(3).
6
Let q(f) = f**3 - 3*f**2 + 2*f - 1. Let y be 1/4 + (-35)/28 + 4. What is q(y)?
5
Let l = -93 - -95. Let n(u) be the first derivative of 5/2*u**l + 2*u + 1/3*u**3 - 6. Calculate n(-4).
-2
Let l(w) = 24*w - 61*w + 41*w + 2 - 2. What is l(-1)?
-4
Let h(r) = 17*r. Let c = 55 + -54. Give h(c).
17
Let z(b) = 0*b**3 + 7 - 8*b + 7*b**2 + 2 - b**3. Suppose 5*x - 10*x = 70. Let o = -8 - x. Give z(o).
-3
Let u(f) = -f + 9. Let k = 193 + -199. Determine u(k).
15
Let s(u) be the second derivative of 7*u - 1/2*u**2 + 1/3*u**4 + 0 + 1/6*u**3. Determine s(1).
4
Let p(l) = -l - 2. Suppose -x + 0*x - 191 = 5*w, -4*x - 156 = 4*w. Let c = w - -31. Let v(s) = s**2 + 7*s - 8. Let n be v(c). Calculate p(n).
6
Let p(h) = -2*h + 2 + 3 - 1 + 3. Give p(4).
-1
Let s(z) be the second derivative of -z**4/12 + z**3 - 3*z**2/2 + 2*z - 15. Let t be ((2 + 14)/(-4))/(-1). What is s(t)?
5
Let o(n) = -3*n**3 + 8*n**2 + 4*n. Suppose 2*t + 6 = -2. Let h(d) = 4*d**3 - 9*d**2 - 4*d + 1. Let u(r) = t*h(r) - 5*o(r). Calculate u(-3).
-1
Let h(k) be the second derivative of k**4/4 - k**3 + k**2 - 54*k. What is h(4)?
26
Suppose 0 = -4*w + 8, 5*w + 11 = 2*c + 13. Let i(v) = -v**3 + 4*v**2 - 5*v. What is i(c)?
-20
Let q be (-12)/30 + (-22)/(-5) - 0. Let c(u) = 1. Let b(y) = -y**2 + y + 3. Let z(a) = b(a) - 3*c(a). Calculate z(q).
-12
Let a(x) = x**2 - 3*x + 2. Suppose 0 = 4*r + 8 - 112. Suppose 0 = 4*w + 10 - r. Determine a(w).
6
Let k be 1/(1/(-9)*(-27)/45). Suppose 4*j - 13 = 4*b - 33, -3*j + 5*b - k = 0. Let q(l) = l**2 + 5*l - 3. Calculate q(j).
-3
Let u be (-135)/75*-5*1. Let n(i) = -10 - 1 - 5*i - u + 21. Determine n(-2).
11
Let i = 24 + -11. Let z(w) = -2*w + 16. Let u be z(i). Let g be (u/(-8))/(2/(-8)). Let d(k) = k**3 + 4*k**2 - 8*k - 6. Calculate d(g).
9
Let p(n) = 7 - 10*n - n**3 - 32*n**2 + 8*n**2 - 15 + 12*n**2 + 5*n**2. Calculate p(-5).
-8
Let p(r) be the second derivative of -r**6/360 - r**5/15 - 7*r**4/24 - 7*r**3/6 - 10*r. Let n(c) be the second derivative of p(c). Give n(-5).
8
Let x = 890 - 897. Let c(q) = q**2 + 4*q - 8. Calculate c(x).
13
Let c(s) = 11*s**2 - 18*s - 32. Let r(u) = -6*u**2 + 10*u + 17. Let o(g) = 4*c(g) + 7*r(g). Calculate o(4).
15
Let u(r) = -10*r + 2. Let g(d) = -2*d**3 - 12*d**2 + 18*d + 23. Let h be g(-7). What is u(h)?
52
Let x be ((-60)/(-14) - 4) + 52/14. Let v(k) = -101*k**2 - 1 - x*k + k**3 + 48*k**2 + 48*k**2. Give v(6).
11
Let x be (-6 + -4)/(2/(-1)). Let w(p) = 3*p + 4. Let n(t) = -3*t - 4. Let b(y) = x*n(y) + 6*w(y). Calculate b(-7).
-17
Let m(a) be the second derivative of -a**6/120 + a**4/24 - a**3/3 + 23*a**2/2 - 4*a. Let h(u) be the first derivative of m(u). Determine h(2).
-8
Let r(g) be the first derivative of g**3/3 - 17*g**2/2 + 51*g + 523. Determine r(13).
-1
Let u(k) be the first derivative of -7/12*k**4 - k**3 + 5*k - 1/20*k**5 + 4 + 5/2*k**2. Let n(h) be the first derivative of u(h). Calculate n(-6).
5
Let f(r) be the first derivative of r**4/4 - 5*r**3/3 - 10*r - 34. Determine f(5).
-10
Let x(r) = -r**2 - 12. Let m be -2*(0 + 2 + -1). Let p be (-2)/(-8) - (-7)/4. Let q be m*p/(-4)*0. Determine x(q).
-12
Let v(a) be the third derivative of -a**5/120 - 5*a**4/8 + a**3 - 8*a**2. Let y(f) be the first derivative of v(f). Determine y(-7).
-8
Let o(b) be the second derivative of b**3 - b**2 - 6*b + 2. Give o(1).
4
Suppose 0 = 9*f + 10 + 44. Let j(s) = s**3 + 7*s**2 + 7*s. Determine j(f).
-6
Let y(s) = s**3 + 6*s**2 - 6*s + 18. Let l(z) = -z**3 - 6*z**2 + 4*z - 16. Let b(k) = -6*l(k) - 5*y(k). Determine b(-5).
1
Let p(g) = g**2 - 5*g - 2. Suppose 0 = -7*f + 17*f - 30. What is p(f)?
-8
Suppose -45*j = -39 - 141. Let a(y) = -y**3 + 3*y**2 + 10*y - 4. What is a(j)?
20
Let i be ((-3)/9)/(1/(-18)). Let r(k) be the second derivative of -k**3/6 + 3*k**2/2 + 2*k. Let t(z) = 5*z - 16. Let w(u) = 11*r(u) + 2*t(u). Calculate w(i).
-5
Let k be 6 + -1 - (-9)/(-3) - -6. Let l(s) = s**3 - 9*s**2 + 11*s + 5. Calculate l(k).
29
Let s(c) = -4*c**3 + c**2 + 8*c + 5. Let r(w) = -2*w**3 - w**2 + w. Let v(z) = r(z) - s(z). Determine v(-2).
-15
Let y(b) = -b**2 - 5*b + 1. Let c(g) = 16*g**3 + g - 1. Let t be c(1). Suppose 0 = -s + 5*s + t. Calculate y(s).
5
Let a be 11 + (-2 - (-1)/(-1)). Let j be 38/a - 18/24. Let q(o) = -o + 4. Let c(v) = -3. Let m(w) = -3*c(w) - 2*q(w). What is m(j)?
9
Suppose 0 = 13*x + 4*x + x. L